58820?
2
What is the units digit of 8069970?
0
What is the ten thousands digit of 1328973?
2
What is the units digit of 11256989?
9
What is the hundred thousands digit of 1550301?
5
What is the units digit of 3653948?
8
What is the hundred thousands digit of 282378?
2
What is the tens digit of 3949248?
4
What is the ten thousands digit of 11334595?
3
What is the ten thousands digit of 2668328?
6
What is the hundreds digit of 55588?
5
What is the tens digit of 14170012?
1
What is the thousands digit of 5024905?
4
What is the thousands digit of 2627089?
7
What is the hundred thousands digit of 118409?
1
What is the hundred thousands digit of 1188367?
1
What is the tens digit of 989500?
0
What is the hundred thousands digit of 306545?
3
What is the ten thousands digit of 156781?
5
What is the hundred thousands digit of 8135170?
1
What is the ten thousands digit of 519146?
1
What is the ten millions digit of 12778796?
1
What is the hundreds digit of 744377?
3
What is the hundred thousands digit of 3406287?
4
What is the ten thousands digit of 368479?
6
What is the ten thousands digit of 214979?
1
What is the thousands digit of 1719681?
9
What is the thousands digit of 1418052?
8
What is the ten thousands digit of 114248?
1
What is the ten thousands digit of 39299201?
9
What is the thousands digit of 15003431?
3
What is the hundreds digit of 3645262?
2
What is the units digit of 2925874?
4
What is the units digit of 15823154?
4
What is the tens digit of 29525?
2
What is the ten thousands digit of 2355016?
5
What is the hundred thousands digit of 8945654?
9
What is the thousands digit of 4245282?
5
What is the ten thousands digit of 1666762?
6
What is the hundreds digit of 1638951?
9
What is the ten thousands digit of 1988970?
8
What is the units digit of 2829496?
6
What is the units digit of 115068?
8
What is the ten thousands digit of 318101?
1
What is the hundred thousands digit of 2223546?
2
What is the tens digit of 31343283?
8
What is the thousands digit of 176578?
6
What is the hundreds digit of 928463?
4
What is the thousands digit of 176940?
6
What is the hundreds digit of 3116711?
7
What is the thousands digit of 456247?
6
What is the thousands digit of 4629875?
9
What is the thousands digit of 476133?
6
What is the ten thousands digit of 582143?
8
What is the hundreds digit of 980206?
2
What is the tens digit of 2314868?
6
What is the tens digit of 8852836?
3
What is the thousands digit of 2835548?
5
What is the thousands digit of 179970?
9
What is the units digit of 426746?
6
What is the tens digit of 757375?
7
What is the ten thousands digit of 272574?
7
What is the units digit of 2173518?
8
What is the tens digit of 531539?
3
What is the ten thousands digit of 2588177?
8
What is the hundreds digit of 145770?
7
What is the ten thousands digit of 215973?
1
What is the hundreds digit of 3733?
7
What is the thousands digit of 142632?
2
What is the ten thousands digit of 123314?
2
What is the hundred thousands digit of 440491?
4
What is the ten thousands digit of 74221?
7
What is the units digit of 24438?
8
What is the hundreds digit of 438378?
3
What is the tens digit of 426991?
9
What is the tens digit of 921485?
8
What is the millions digit of 4602264?
4
What is the thousands digit of 2253940?
3
What is the thousands digit of 500474?
0
What is the ten thousands digit of 423115?
2
What is the millions digit of 38757707?
8
What is the hundreds digit of 575542?
5
What is the tens digit of 5051601?
0
What is the ten thousands digit of 1003771?
0
What is the hundreds digit of 10990913?
9
What is the hundreds digit of 6349276?
2
What is the units digit of 231874?
4
What is the tens digit of 1406574?
7
What is the units digit of 3715297?
7
What is the hundreds digit of 10926389?
3
What is the units digit of 16298272?
2
What is the tens digit of 1131332?
3
What is the ten thousands digit of 3626750?
2
What is the hundreds digit of 9732478?
4
What is the hundreds digit of 361812?
8
What is the ten thousands digit of 244483?
4
What is the thousands digit of 25672387?
2
What is the ten thousands digit of 3366298?
6
What is the tens digit of 463725?
2
What is the hundreds digit of 25156?
1
What is the hundreds digit of 2943?
9
What is the millions digit of 8628267?
8
What is the thousands digit of 338606?
8
What is the ten thousands digit of 716250?
1
What is the units digit of 339089?
9
What is the thousands digit of 314888?
4
What is the thousands digit of 468466?
8
What is the tens digit of 8553301?
0
What is the hundred thousands digit of 3021972?
0
What is the millions digit of 16337274?
6
What is the ten thousands digit of 5595697?
9
What is the tens digit of 218785?
8
What is the millions digit of 3374163?
3
What is the thousands digit of 697620?
7
What is the hundreds digit of 1810749?
7
What is the millions digit of 14905814?
4
What is the thousands digit of 68962?
8
What is the thousands digit of 224149?
4
What is the units digit of 860183?
3
What is the tens digit of 355270?
7
What is the units digit of 2217808?
8
What is the millions digit of 9414380?
9
What is the millions digit of 16337020?
6
What is the ten thousands digit of 805824?
0
What is the thousands digit of 472682?
2
What is the hundreds digit of 3151279?
2
What is the hundreds digit of 1941100?
1
What is the hundreds digit of 19789674?
6
What is the hundreds digit of 192011?
0
What is the tens digit of 176511?
1
What is the hundreds digit of 315156?
1
What is the hundreds digit of 42152?
1
What is the units digit of 3392668?
8
What is the hundreds digit of 69664?
6
What is the thousands digit of 151473?
1
What is the millions digit of 1266646?
1
What is the thousands digit of 17679612?
9
What is the units digit of 1017078?
8
What is the hundreds digit of 4147579?
5
What is the units digit of 1692846?
6
What is the thousands digit of 1939757?
9
What is the units digit of 7420919?
9
What is the hundred thousands digit of 140915?
1
What is the ten thousands digit of 462495?
6
What is the units digit of 491995?
5
What is the tens digit of 146640?
4
What is the hundred thousands digit of 441414?
4
What is the hundreds digit of 24081431?
4
What is the units digit of 701359?
9
What is the ten thousands digit of 424450?
2
What is the hundred thousands digit of 1099163?
0
What is the ten thousands digit of 17623530?
2
What is the units digit of 9866?
6
What is the tens digit of 112923?
2
What is the thousands digit of 507212?
7
What is the hundreds digit of 109820?
8
What is the thousands digit of 378324?
8
What is the ten thousands digit of 6020311?
2
What is the ten thousands digit of 3315521?
1
What is the thousands digit of 138624?
8
What is the thousands digit of 25269256?
9
What is the units digit of 889562?
2
What is the tens digit of 517267?
6
What is the thousands digit of 1081829?
1
What is the thousands digit of 11467572?
7
What is the hundreds digit of 2264881?
8
What is the thousands digit of 335487?
5
What is the units digit of 1102321?
1
What is the thousands digit of 589517?
9
What is the thousands digit of 542974?
2
What is the hundreds digit of 158966?
9
What is the ten millions digit of 34239475?
3
What is the hundred thousands digit of 2637283?
6
What is the tens digit of 1034355?
5
What is the thousands digit of 514890?
4
What is the units digit of 836699?
9
What is the tens digit of 19045319?
1
What is the units digit of 394550?
0
What is the hundreds digit of 1311461?
4
What is the units digit of 941768?
8
What is the hundreds digit of 16446618?
6
What is the thousands digit of 1038282?
8
What is the ten thousands digit of 376847?
7
What is the millions digit of 19305942?
9
What is the hundreds digit of 1115459?
4
What is the hundreds digit of 209293?
2
What is the ten thousands digit of 2655331?
5
What is the hundreds digit of 5133810?
8
What is the hundred thousands digit of 17528442?
5
What is the hundred thousands digit of 154631?
1
What is the hundreds digit of 9044922?
9
What is the ten millions digit of 10519463?
1
What is the hundreds digit of 11683350?
3
What is the hundred thousands digit of 2502460?
5
What is the ten thousands digit of 239524?
3
What is the hundreds digit of 1585612?
6
What is the tens digit of 19015610?
1
What is the hundred th